{"id":312,"date":"2015-05-01T13:41:33","date_gmt":"2015-05-01T16:41:33","guid":{"rendered":"https:\/\/radiadoresesteban.com.ar\/?page_id=312"},"modified":"2018-08-01T21:32:59","modified_gmt":"2018-08-02T00:32:59","slug":"about-us","status":"publish","type":"page","link":"https:\/\/radiadoresesteban.com.ar\/?page_id=312","title":{"rendered":"Nosotros"},"content":{"rendered":"<div class=\"wpb-content-wrapper\"><p>[vc_row parallax_speed=&#8221;5&#8243; parallax_x=&#8221;0&#8243; parallax_y=&#8221;0&#8243; css=&#8221;.vc_custom_1430538665606{padding-top: 50px !important;padding-bottom: 30px !important;}&#8221;][vc_column][vc_tabs interval=&#8221;0&#8243;][vc_tab title=&#8221;Historia&#8221; tab_id=&#8221;68da5371-2e64-2&#8243;][vc_column_text]<\/p>\n<h3 class=\"no-margin-top\" style=\"text-align: center;\">Gran stock, asesoramiento y calidez.<\/h3>\n<p>[\/vc_column_text][vc_empty_space height=&#8221;5px&#8221;][vc_column_text]<\/p>\n<p class=\"typo\" style=\"text-align: center;\"><em>Nuestra experiencia y trayectoria nos hace \u00fanicos en el rubro.<\/em><\/p>\n<p>[\/vc_column_text][vc_empty_space height=&#8221;40px&#8221;][vc_row_inner][vc_column_inner width=&#8221;2\/3&#8243;][vc_column_text]<strong>ESTEBAN<\/strong> es sin\u00f3nimo de radiadores desde hace m\u00e1s de 70 a\u00f1os.Con el objetivo de brindar las mejores soluciones t\u00e9rmicas para veh\u00edculos y adapt\u00e1ndose a los cambios tecnol\u00f3gicos, distribuye y comercializa la m\u00e1s amplia gama de radiadores originales y especiales.La experiencia de tres generaciones puesta al servicio de sus necesidades y la \u00e9tica en las relaciones comerciales, son nuestra mejor carta de presentaci\u00f3n.[\/vc_column_text][\/vc_column_inner][vc_column_inner width=&#8221;1\/3&#8243;][vc_single_image image=&#8221;735&#8243; img_size=&#8221;300&#215;88&#8243; lightbox=&#8221;yes&#8221;][\/vc_column_inner][\/vc_row_inner][\/vc_tab][\/vc_tabs][\/vc_column][\/vc_row][vc_row parallax_speed=&#8221;5&#8243; parallax_x=&#8221;0&#8243; parallax_y=&#8221;0&#8243;][vc_column][vc_row_inner][vc_column_inner width=&#8221;1\/3&#8243;][vc_single_image image=&#8221;891&#8243; img_size=&#8221;medium&#8221; lightbox=&#8221;yes&#8221;][\/vc_column_inner][vc_column_inner width=&#8221;1\/3&#8243;][vc_single_image image=&#8221;790&#8243; img_size=&#8221;full&#8221; lightbox=&#8221;yes&#8221;][\/vc_column_inner][vc_column_inner width=&#8221;1\/3&#8243;][vc_progress_bar values=&#8221;%5B%7B%22label%22%3A%22Radiadores%22%2C%22value%22%3A%2290%22%7D%2C%7B%22label%22%3A%22Radiador%20de%20calefaccion%22%2C%22value%22%3A%2280%22%7D%2C%7B%22label%22%3A%22Panel%22%2C%22value%22%3A%2270%22%7D%2C%7B%22label%22%3A%22Electroventilador%22%2C%22value%22%3A%2290%22%7D%2C%7B%22label%22%3A%22Y%20mucho%20m%C3%A1s%22%2C%22value%22%3A%2290%22%7D%5D&#8221; bgcolor=&#8221;custom&#8221; custombgcolor=&#8221;#2d5aae&#8221;][\/vc_column_inner][\/vc_row_inner][\/vc_column][\/vc_row][vc_row parallax_speed=&#8221;5&#8243; parallax_x=&#8221;0&#8243; parallax_y=&#8221;0&#8243; css=&#8221;.vc_custom_1430538672562{padding-bottom: 50px !important;}&#8221;][vc_column width=&#8221;1\/2&#8243;][vc_cta h2=&#8221;Descargas&#8221; style=&#8221;flat&#8221; color=&#8221;white&#8221; add_button=&#8221;right&#8221; btn_title=&#8221;Catalogo&#8221; btn_style=&#8221;custom&#8221; btn_custom_background=&#8221;#2d5aae&#8221; btn_custom_text=&#8221;#ffffff&#8221; add_icon=&#8221;left&#8221; i_icon_fontawesome=&#8221;fa fa-download&#8221; i_color=&#8221;custom&#8221; i_size=&#8221;xl&#8221; btn_link=&#8221;url:https%3A%2F%2Fradiadoresesteban.com.ar%2Fservices%2F|||&#8221; i_custom_color=&#8221;#333333&#8243;]Accede a nuestra lista de precios.[\/vc_cta][\/vc_column][vc_column width=&#8221;1\/2&#8243;][vc_cta h2=&#8221;Precios&#8221; style=&#8221;flat&#8221; color=&#8221;white&#8221; add_button=&#8221;right&#8221; btn_title=&#8221;Registro&#8221; btn_style=&#8221;custom&#8221; btn_custom_background=&#8221;#2d5aae&#8221; btn_custom_text=&#8221;#ffffff&#8221; add_icon=&#8221;left&#8221; i_icon_fontawesome=&#8221;fa fa-usd&#8221; i_color=&#8221;custom&#8221; i_size=&#8221;xl&#8221; btn_link=&#8221;url:https%3A%2F%2Fradiadoresesteban.com.ar%2Fbuscador%2F|||&#8221; i_custom_color=&#8221;#333333&#8243;]Registrate y accede a precios preferenciales.[\/vc_cta][\/vc_column][\/vc_row]<\/p>\n<\/div>","protected":false},"excerpt":{"rendered":"<p>[vc_row parallax_speed=&#8221;5&#8243; parallax_x=&#8221;0&#8243; parallax_y=&#8221;0&#8243; css=&#8221;.vc_custom_1430538665606{padding-top: 50px !important;padding-bottom: 30px !important;}&#8221;][vc_column][vc_tabs interval=&#8221;0&#8243;][vc_tab title=&#8221;Historia&#8221; tab_id=&#8221;68da5371-2e64-2&#8243;][vc_column_text] Gran stock, asesoramiento y calidez. [\/vc_column_text][vc_empty_space height=&#8221;5px&#8221;][vc_column_text] Nuestra experiencia y trayectoria nos hace \u00fanicos en el rubro. [\/vc_column_text][vc_empty_space height=&#8221;40px&#8221;][vc_row_inner][vc_column_inner width=&#8221;2\/3&#8243;][vc_column_text]ESTEBAN es sin\u00f3nimo de radiadores desde hace m\u00e1s de 70 a\u00f1os.Con el objetivo de brindar las mejores soluciones t\u00e9rmicas para veh\u00edculos y adapt\u00e1ndose a [&hellip;]<\/p>\n","protected":false},"author":1,"featured_media":0,"parent":0,"menu_order":0,"comment_status":"open","ping_status":"closed","template":"templates\/template-fullwidth.php","meta":{"footnotes":""},"class_list":["post-312","page","type-page","status-publish","hentry","no-post-thumbnail"],"_links":{"self":[{"href":"https:\/\/radiadoresesteban.com.ar\/index.php?rest_route=\/wp\/v2\/pages\/312","targetHints":{"allow":["GET"]}}],"collection":[{"href":"https:\/\/radiadoresesteban.com.ar\/index.php?rest_route=\/wp\/v2\/pages"}],"about":[{"href":"https:\/\/radiadoresesteban.com.ar\/index.php?rest_route=\/wp\/v2\/types\/page"}],"author":[{"embeddable":true,"href":"https:\/\/radiadoresesteban.com.ar\/index.php?rest_route=\/wp\/v2\/users\/1"}],"replies":[{"embeddable":true,"href":"https:\/\/radiadoresesteban.com.ar\/index.php?rest_route=%2Fwp%2Fv2%2Fcomments&post=312"}],"version-history":[{"count":11,"href":"https:\/\/radiadoresesteban.com.ar\/index.php?rest_route=\/wp\/v2\/pages\/312\/revisions"}],"predecessor-version":[{"id":952,"href":"https:\/\/radiadoresesteban.com.ar\/index.php?rest_route=\/wp\/v2\/pages\/312\/revisions\/952"}],"wp:attachment":[{"href":"https:\/\/radiadoresesteban.com.ar\/index.php?rest_route=%2Fwp%2Fv2%2Fmedia&parent=312"}],"curies":[{"name":"wp","href":"https:\/\/api.w.org\/{rel}","templated":true}]}}

<div class="wpb-content-wrapper"><p>[vc_row parallax_speed=&#8221;5&#8243; parallax_x=&#8221;0&#8243; parallax_y=&#8221;0&#8243; css=&#8221;.vc_custom_1430538665606{padding-top: 50px !important;padding-bottom: 30px !important;}&#8221;][vc_column][vc_tabs interval=&#8221;0&#8243;][vc_tab title=&#8221;Historia&#8221; tab_id=&#8221;68da5371-2e64-2&#8243;][vc_column_text]</p>
<h3 class="no-margin-top" style="text-align: center;">Gran stock, asesoramiento y calidez.</h3>
<p>[/vc_column_text][vc_empty_space height=&#8221;5px&#8221;][vc_column_text]</p>
<p class="typo" style="text-align: center;"><em>Nuestra experiencia y trayectoria nos hace únicos en el rubro.</em></p>
<p>[/vc_column_text][vc_empty_space height=&#8221;40px&#8221;][vc_row_inner][vc_column_inner width=&#8221;2/3&#8243;][vc_column_text]<strong>ESTEBAN</strong> es sinónimo de radiadores desde hace más de 70 años.Con el objetivo de brindar las mejores soluciones térmicas para vehículos y adaptándose a los cambios tecnológicos, distribuye y comercializa la más amplia gama de radiadores originales y especiales.La experiencia de tres generaciones puesta al servicio de sus necesidades y la ética en las relaciones comerciales, son nuestra mejor carta de presentación.[/vc_column_text][/vc_column_inner][vc_column_inner width=&#8221;1/3&#8243;][vc_single_image image=&#8221;735&#8243; img_size=&#8221;300&#215;88&#8243; lightbox=&#8221;yes&#8221;][/vc_column_inner][/vc_row_inner][/vc_tab][/vc_tabs][/vc_column][/vc_row][vc_row parallax_speed=&#8221;5&#8243; parallax_x=&#8221;0&#8243; parallax_y=&#8221;0&#8243;][vc_column][vc_row_inner][vc_column_inner width=&#8221;1/3&#8243;][vc_single_image image=&#8221;891&#8243; img_size=&#8221;medium&#8221; lightbox=&#8221;yes&#8221;][/vc_column_inner][vc_column_inner width=&#8221;1/3&#8243;][vc_single_image image=&#8221;790&#8243; img_size=&#8221;full&#8221; lightbox=&#8221;yes&#8221;][/vc_column_inner][vc_column_inner width=&#8221;1/3&#8243;][vc_progress_bar values=&#8221;%5B%7B%22label%22%3A%22Radiadores%22%2C%22value%22%3A%2290%22%7D%2C%7B%22label%22%3A%22Radiador%20de%20calefaccion%22%2C%22value%22%3A%2280%22%7D%2C%7B%22label%22%3A%22Panel%22%2C%22value%22%3A%2270%22%7D%2C%7B%22label%22%3A%22Electroventilador%22%2C%22value%22%3A%2290%22%7D%2C%7B%22label%22%3A%22Y%20mucho%20m%C3%A1s%22%2C%22value%22%3A%2290%22%7D%5D&#8221; bgcolor=&#8221;custom&#8221; custombgcolor=&#8221;#2d5aae&#8221;][/vc_column_inner][/vc_row_inner][/vc_column][/vc_row][vc_row parallax_speed=&#8221;5&#8243; parallax_x=&#8221;0&#8243; parallax_y=&#8221;0&#8243; css=&#8221;.vc_custom_1430538672562{padding-bottom: 50px !important;}&#8221;][vc_column width=&#8221;1/2&#8243;][vc_cta h2=&#8221;Descargas&#8221; style=&#8221;flat&#8221; color=&#8221;white&#8221; add_button=&#8221;right&#8221; btn_title=&#8221;Catalogo&#8221; btn_style=&#8221;custom&#8221; btn_custom_background=&#8221;#2d5aae&#8221; btn_custom_text=&#8221;#ffffff&#8221; add_icon=&#8221;left&#8221; i_icon_fontawesome=&#8221;fa fa-download&#8221; i_color=&#8221;custom&#8221; i_size=&#8221;xl&#8221; btn_link=&#8221;url:https%3A%2F%2Fradiadoresesteban.com.ar%2Fservices%2F|||&#8221; i_custom_color=&#8221;#333333&#8243;]Accede a nuestra lista de precios.[/vc_cta][/vc_column][vc_column width=&#8221;1/2&#8243;][vc_cta h2=&#8221;Precios&#8221; style=&#8221;flat&#8221; color=&#8221;white&#8221; add_button=&#8221;right&#8221; btn_title=&#8221;Registro&#8221; btn_style=&#8221;custom&#8221; btn_custom_background=&#8221;#2d5aae&#8221; btn_custom_text=&#8221;#ffffff&#8221; add_icon=&#8221;left&#8221; i_icon_fontawesome=&#8221;fa fa-usd&#8221; i_color=&#8221;custom&#8221; i_size=&#8221;xl&#8221; btn_link=&#8221;url:https%3A%2F%2Fradiadoresesteban.com.ar%2Fbuscador%2F|||&#8221; i_custom_color=&#8221;#333333&#8243;]Registrate y accede a precios preferenciales.[/vc_cta][/vc_column][/vc_row]</p>
</div>

<p>[vc_row parallax_speed=&#8221;5&#8243; parallax_x=&#8221;0&#8243; parallax_y=&#8221;0&#8243; css=&#8221;.vc_custom_1430538665606{padding-top: 50px !important;padding-bottom: 30px !important;}&#8221;][vc_column][vc_tabs interval=&#8221;0&#8243;][vc_tab title=&#8221;Historia&#8221; tab_id=&#8221;68da5371-2e64-2&#8243;][vc_column_text] Gran stock, asesoramiento y calidez. [/vc_column_text][vc_empty_space height=&#8221;5px&#8221;][vc_column_text] Nuestra experiencia y trayectoria nos hace únicos en el rubro. [/vc_column_text][vc_empty_space height=&#8221;40px&#8221;][vc_row_inner][vc_column_inner width=&#8221;2/3&#8243;][vc_column_text]ESTEBAN es sinónimo de radiadores desde hace más de 70 años.Con el objetivo de brindar las mejores soluciones térmicas para vehículos y adaptándose a [&hellip;]</p>
